{"id":11427,"date":"2026-04-06T10:44:23","date_gmt":"2026-04-06T10:44:23","guid":{"rendered":"https:\/\/noti-xpi.org\/?page_id=11427"},"modified":"2026-04-07T18:41:58","modified_gmt":"2026-04-07T18:41:58","slug":"casthor-su-historia","status":"publish","type":"page","link":"https:\/\/noti-xpi.org\/?page_id=11427","title":{"rendered":"Casthor su Historia"},"content":{"rendered":"<h2 style=\"text-align: center;\"><span style=\"color: #030426;\"><em><strong>Casthor Mendoza<\/strong> <\/em><\/span><\/h2>\n<p><span style=\"color: #000000;\">Es la marca con la que p\u00fablicamente se le conoce a Flavio Cesar Mendoza Hern\u00e1ndez, Profesional Polivalente.- Maestr\u00eda en Organizaci\u00f3n de Eventos por la USJ Madrid Espa\u00f1a, Licenciado en Administraci\u00f3n de Empresas Tur\u00edsticas por el IPN M\u00e8xico , Cinta Negra 5to Dan en Arte Marcial Polinesio Lima lama, con experiencia en asesor\u00eda y dirigencia pol\u00edtica, Certificado en Consultor Pol\u00edtico, como perfil funcional Groups Master \u2013 Speaker Coach and Event Project Manager.<\/span><\/p>\n<p><span style=\"color: #000000;\"><strong><span style=\"color: #030426;\"> Casthor Mendoza<\/span><\/strong> es el Presidente Fundador de la Asociaci\u00f2n Federativa FMACTIV Federaci\u00f3n Mexicana de Profesionales, Actividades y Experiencias A.C. y CEO de la Integradora de Servicios Casthor DMC, adem\u00e1s de ser Comunicador en Radio y TV Digital, se ha desempe\u00f1ado como Escolta Seguridad, Promotor de Servicios Tur\u00edsticos, Entrenador Deportivo, trabaja en la UNAM como Seguridad Protecci\u00f3n Civil, Casthor es un Dirigente especialista Coordinador de Grupos, Coordinador de Eventos Masivos Eventos Multitudinarios, Congresos y Convenciones, Coordinador de Actividades Recreativas, Coordinador de Actividades de Aventura y Deporte, Speaker, Capacitador y Certificador.<\/span><\/p>\n<p><img loading=\"lazy\" decoding=\"async\" class=\"alignnone wp-image-11428 size-full\" src=\"https:\/\/noti-xpi.org\/wp-content\/uploads\/2026\/04\/ZC-e1775512124228.jpg\" alt=\"\" width=\"960\" height=\"830\" srcset=\"https:\/\/noti-xpi.org\/wp-content\/uploads\/2026\/04\/ZC-e1775512124228.jpg 960w, https:\/\/noti-xpi.org\/wp-content\/uploads\/2026\/04\/ZC-e1775512124228-300x259.jpg 300w, https:\/\/noti-xpi.org\/wp-content\/uploads\/2026\/04\/ZC-e1775512124228-768x664.jpg 768w\" sizes=\"auto, (max-width: 960px) 100vw, 960px\" \/><\/p>\n<h3><span style=\"color: #030426;\"><strong>Como Nace Casthor y para qu\u00e9 Storytelling<\/strong><\/span><\/h3>\n<p><span style=\"color: #000000;\">Siendo un Monitor Recreador en el curso de Verano UNAM 1994, les pregunte a mi grupo de ni\u00f1as y ni\u00f1os de 5 a 6 a\u00f1os de edad, como quieren ponerle a nuestro grupo?.- entonces una Peque\u00f1a de 5 a\u00f1os corri\u00f3 hacia m\u00ed, abraz\u00e1ndome y diciendo. -, \u201cPareces un Casthor\u201d, Gritando todo el grupo de peque\u00f1os del verano del 94\u00b4 \u201cSomos Casthores\u201d y as\u00ed jugando comenz\u00f3 una Trayectoria, una Historia, de Imaginaci\u00f3n, Aventura, y de Experiencias.<\/span><\/p>\n<p><span style=\"color: #000000;\">El equipo de planeaci\u00f3n del Curso de Verano UNAM en 1995, propuso a Flavio Cesar Mendoza, ser el s\u00edmbolo recreativo y Casthor fue creado para generar un servicio integral desde 1995, como Personaje Dirigente, S\u00edmbolo para el control y Coordinaci\u00f3n de Grupos, Coordinaci\u00f3n de Eventos, Actividades Tur\u00edsticas, Recreativas y Actividades F\u00edsico Deportivas, en donde se origino la t\u00e9cnica Imagination Xperiences, Coordinador de Grupos, como una plataforma de servicio.-, todo lo anterior tuvo lugar para el Curso de verano del Stunam, reconociendo la Autor\u00eda de Flavio Cesar Mendoza Hern\u00e1ndez, en el trabajo hecho de 1995 hasta 2019, reconocido por la UNAM, como un servicio recreativo integral, el curso de verano se manejo con un inicio de poblaci\u00f3n de 3500 ni\u00f1os, desembocando en el plan de proyecto <em><strong>Casthor. <\/strong><\/em><\/span><\/p>\n<p><span style=\"color: #000000;\">Implementando este modelo a otras organizaciones e instituciones como por ejemplo, el instituto del deporte en donde se capacitaron a mas de 5000 j\u00f3venes para ser recreadores, curso de verano del senado de la republica y del instituto mexicano de la juventud, con diversos reconocimientos, desembocando con premios al proyecto Casthor entre ellos, el Premio Perseverancia 2006 IPN, 2012 caso de \u00e9xito Secretar\u00eda de Econom\u00eda, Fundaci\u00f3n Proempleo, nominaciones por la Asociaci\u00f3n <em><strong>MPI capitulo M\u00e9xico 2016, 2017, 2018 y 2019,<\/strong> <\/em>Reconocido y premiado por instituciones de Gobierno, Organizaciones Sociales, en Veracruz se le nombro a Casthor el Representante de la Recreaci\u00f3n en M\u00e9xico por Imjuvey Gobierno.<\/span><\/p>\n<p><span style=\"color: #000000;\">Dentro de sus actividades y trayectoria, ha asesorado a Dirigentes, Sindicales, Legisladores, Microempresarios, en temas de control Grupal, Mercadotecnia, Jur\u00eddico y Administrativa. &#8211; Casthor a estado como funcionario y a tenido cargos en campa\u00f1as Pol\u00edticas.\u00a0\u00a0<\/span><\/p>\n<p><span style=\"color: #000000;\">Espec\u00edficamente <\/span><span style=\"color: #000000;\">para el curso de verano stunam nombrado Casthor soluciono una problem\u00e1tica de control de un evento multitudinario, pago a tiempo de los servicios, pago a trabajadores y recreadores, capacitaci\u00f3n adecuada, mas seguridad, proyecci\u00f3n del evento, Casthor es un personaje S\u00edmbolo del servicio, del control grupal, seguridad y de eventos multitudinarios, al d\u00eda de hoy 2026 los cursos de verano, toman como modelo de planeaci\u00f3n y ejecuci\u00f3n bas\u00e1ndose en el proyecto Casthor<\/span><\/p>\n<p><span style=\"color: #000000;\">El d\u00eda de hoy <em><strong>Casthor y Casthor Mendoza<\/strong><\/em> son marcas registradas ante el IMPI y a inspirado a otros l\u00edderes del sector tur\u00edstico, las Actividades y siendo Representante de Profesionales y la Recreaci\u00f3n en M\u00e9xico.<\/span><\/p>\n<p><img loading=\"lazy\" decoding=\"async\" class=\"alignnone size-full wp-image-11429\" src=\"https:\/\/noti-xpi.org\/wp-content\/uploads\/2026\/04\/WhatsApp-Image-2026-04-06-at-4.27.29-PM.jpeg\" alt=\"\" width=\"1600\" height=\"234\" srcset=\"https:\/\/noti-xpi.org\/wp-content\/uploads\/2026\/04\/WhatsApp-Image-2026-04-06-at-4.27.29-PM.jpeg 1600w, https:\/\/noti-xpi.org\/wp-content\/uploads\/2026\/04\/WhatsApp-Image-2026-04-06-at-4.27.29-PM-300x44.jpeg 300w, https:\/\/noti-xpi.org\/wp-content\/uploads\/2026\/04\/WhatsApp-Image-2026-04-06-at-4.27.29-PM-1024x150.jpeg 1024w, https:\/\/noti-xpi.org\/wp-content\/uploads\/2026\/04\/WhatsApp-Image-2026-04-06-at-4.27.29-PM-768x112.jpeg 768w, https:\/\/noti-xpi.org\/wp-content\/uploads\/2026\/04\/WhatsApp-Image-2026-04-06-at-4.27.29-PM-1536x225.jpeg 1536w\" sizes=\"auto, (max-width: 1600px) 100vw, 1600px\" \/><\/p>\n","protected":false},"excerpt":{"rendered":"<p>Casthor Mendoza Es la marca con la que p\u00fablicamente se le conoce a Flavio Cesar Mendoza Hern\u00e1ndez, Profesional Polivalente.- Maestr\u00eda en Organizaci\u00f3n de Eventos por la USJ Madrid Espa\u00f1a, Licenciado en Administraci\u00f3n de Empresas Tur\u00edsticas por el IPN M\u00e8xico , Cinta Negra 5to Dan en Arte Marcial Polinesio Lima lama, con experiencia en asesor\u00eda y [&hellip;]<\/p>\n","protected":false},"author":1,"featured_media":0,"parent":0,"menu_order":0,"comment_status":"closed","ping_status":"closed","template":"","meta":{"footnotes":""},"class_list":["post-11427","page","type-page","status-publish","hentry"],"_links":{"self":[{"href":"https:\/\/noti-xpi.org\/index.php?rest_route=\/wp\/v2\/pages\/11427","targetHints":{"allow":["GET"]}}],"collection":[{"href":"https:\/\/noti-xpi.org\/index.php?rest_route=\/wp\/v2\/pages"}],"about":[{"href":"https:\/\/noti-xpi.org\/index.php?rest_route=\/wp\/v2\/types\/page"}],"author":[{"embeddable":true,"href":"https:\/\/noti-xpi.org\/index.php?rest_route=\/wp\/v2\/users\/1"}],"replies":[{"embeddable":true,"href":"https:\/\/noti-xpi.org\/index.php?rest_route=%2Fwp%2Fv2%2Fcomments&post=11427"}],"version-history":[{"count":5,"href":"https:\/\/noti-xpi.org\/index.php?rest_route=\/wp\/v2\/pages\/11427\/revisions"}],"predecessor-version":[{"id":11441,"href":"https:\/\/noti-xpi.org\/index.php?rest_route=\/wp\/v2\/pages\/11427\/revisions\/11441"}],"wp:attachment":[{"href":"https:\/\/noti-xpi.org\/index.php?rest_route=%2Fwp%2Fv2%2Fmedia&parent=11427"}],"curies":[{"name":"wp","href":"https:\/\/api.w.org\/{rel}","templated":true}]}}