{"id":11527,"date":"2026-04-14T18:06:29","date_gmt":"2026-04-14T18:06:29","guid":{"rendered":"https:\/\/noti-xpi.org\/?page_id=11527"},"modified":"2026-04-16T03:45:24","modified_gmt":"2026-04-16T03:45:24","slug":"frozen-con-orquesta-en-vivo-auditorio-nacional","status":"publish","type":"page","link":"https:\/\/noti-xpi.org\/?page_id=11527","title":{"rendered":"Frozen con orquesta en vivo Auditorio Nacional"},"content":{"rendered":"<h1 style=\"text-align: center;\"><span style=\"color: #008080;\"><em><strong>Frozen con orquesta en vivo <\/strong><\/em><\/span><\/h1>\n<h1 style=\"text-align: center;\"><span style=\"color: #008080;\"><em><strong>Auditorio Nacional<\/strong><\/em><\/span><\/h1>\n<p><img loading=\"lazy\" decoding=\"async\" class=\"alignnone size-full wp-image-11535\" src=\"https:\/\/noti-xpi.org\/wp-content\/uploads\/2026\/04\/WhatsApp-Image-2026-04-14-at-9.02.56-PM.jpeg\" alt=\"\" width=\"1200\" height=\"1600\" srcset=\"https:\/\/noti-xpi.org\/wp-content\/uploads\/2026\/04\/WhatsApp-Image-2026-04-14-at-9.02.56-PM.jpeg 1200w, https:\/\/noti-xpi.org\/wp-content\/uploads\/2026\/04\/WhatsApp-Image-2026-04-14-at-9.02.56-PM-225x300.jpeg 225w, https:\/\/noti-xpi.org\/wp-content\/uploads\/2026\/04\/WhatsApp-Image-2026-04-14-at-9.02.56-PM-768x1024.jpeg 768w, https:\/\/noti-xpi.org\/wp-content\/uploads\/2026\/04\/WhatsApp-Image-2026-04-14-at-9.02.56-PM-1152x1536.jpeg 1152w\" sizes=\"auto, (max-width: 1200px) 100vw, 1200px\" \/><\/p>\n<p class=\"p1\"><span style=\"color: #000000;\">La historia que conquist\u00f3 a millones regresa en una versi\u00f3n espectacular: proyecci\u00f3n \u00edntegra de\u00a0<span class=\"s1\"><b>Frozen<\/b><\/span>\u00a0en pantalla gigante, acompa\u00f1ada por la interpretaci\u00f3n en vivo de su banda sonora a cargo de Miner\u00eda Pops.<\/span><\/p>\n<p><iframe loading=\"lazy\" title=\"Frozen en Auditorio Nacional\" width=\"640\" height=\"480\" src=\"https:\/\/www.youtube.com\/embed\/YYxQdb7y5m4?feature=oembed\" frameborder=\"0\" allow=\"accelerometer; autoplay; clipboard-write; encrypted-media; gyroscope; picture-in-picture; web-share\" referrerpolicy=\"strict-origin-when-cross-origin\" allowfullscreen><\/iframe><\/p>\n<p class=\"p1\"><span style=\"color: #000000;\">Esta funci\u00f3n especial combina la experiencia cinematogr\u00e1fica con la fuerza de una orquesta sinf\u00f3nica en escena. Cada momento \u2014desde los pasajes m\u00e1s \u00edntimos hasta las canciones que todos reconocen\u2014 cobra una nueva intensidad gracias al sonido en vivo, generando una experiencia envolvente y emocionante para ni\u00f1as, ni\u00f1os y adultos.<\/span><\/p>\n<p><img loading=\"lazy\" decoding=\"async\" class=\"alignnone size-full wp-image-11538\" src=\"https:\/\/noti-xpi.org\/wp-content\/uploads\/2026\/04\/WhatsApp-Image-2026-04-14-at-9.02.59-PM.jpeg\" alt=\"\" width=\"1200\" height=\"1600\" srcset=\"https:\/\/noti-xpi.org\/wp-content\/uploads\/2026\/04\/WhatsApp-Image-2026-04-14-at-9.02.59-PM.jpeg 1200w, https:\/\/noti-xpi.org\/wp-content\/uploads\/2026\/04\/WhatsApp-Image-2026-04-14-at-9.02.59-PM-225x300.jpeg 225w, https:\/\/noti-xpi.org\/wp-content\/uploads\/2026\/04\/WhatsApp-Image-2026-04-14-at-9.02.59-PM-768x1024.jpeg 768w, https:\/\/noti-xpi.org\/wp-content\/uploads\/2026\/04\/WhatsApp-Image-2026-04-14-at-9.02.59-PM-1152x1536.jpeg 1152w\" sizes=\"auto, (max-width: 1200px) 100vw, 1200px\" \/><\/p>\n<p class=\"p1\"><span style=\"color: #000000;\">Ideal como plan cultural familiar en 2026, este concierto acerca a los m\u00e1s peque\u00f1os al universo sinf\u00f3nico a trav\u00e9s de una pel\u00edcula que ya forma parte de su imaginario. Una propuesta que une entretenimiento, calidad art\u00edstica y emoci\u00f3n compartida en una sola noche.<\/span><\/p>\n<h3><span style=\"color: #008080;\"><strong>INFORMACI\u00d3N DEL EVENTO<\/strong><\/span><\/h3>\n<p><strong><span style=\"color: #000000;\">30 de abril de 2026 \u2014 18:30 h<\/span><\/strong><\/p>\n<p><em><strong><span style=\"color: #000000;\">Auditorio Nacional, Ciudad de M\u00e9xico<\/span><\/strong><\/em><\/p>\n<p><em><strong><span style=\"color: #000000;\">Boletos disponibles en Ticketmaster y en taquillas del recinto:<\/span><\/strong><\/em><\/p>\n<p><img loading=\"lazy\" decoding=\"async\" class=\"alignnone size-full wp-image-11537\" src=\"https:\/\/noti-xpi.org\/wp-content\/uploads\/2026\/04\/WhatsApp-Image-2026-04-14-at-9.02.57-PM-e1776296273681.jpeg\" alt=\"\" width=\"1200\" height=\"940\" srcset=\"https:\/\/noti-xpi.org\/wp-content\/uploads\/2026\/04\/WhatsApp-Image-2026-04-14-at-9.02.57-PM-e1776296273681.jpeg 1200w, https:\/\/noti-xpi.org\/wp-content\/uploads\/2026\/04\/WhatsApp-Image-2026-04-14-at-9.02.57-PM-e1776296273681-300x235.jpeg 300w, https:\/\/noti-xpi.org\/wp-content\/uploads\/2026\/04\/WhatsApp-Image-2026-04-14-at-9.02.57-PM-e1776296273681-1024x802.jpeg 1024w, https:\/\/noti-xpi.org\/wp-content\/uploads\/2026\/04\/WhatsApp-Image-2026-04-14-at-9.02.57-PM-e1776296273681-768x602.jpeg 768w\" sizes=\"auto, (max-width: 1200px) 100vw, 1200px\" \/><\/p>\n<p>&nbsp;<\/p>\n<p><span style=\"color: #000000;\"><span class=\"s2\" style=\"color: #008080;\"><b>Sinf\u00f3nica de Miner\u00eda<\/b><\/span> redefine la experiencia del concierto sinf\u00f3nico al conectar grandes historias del cine con el lenguaje de la orquesta en vivo. Su propuesta acerca el repertorio cinematogr\u00e1fico a nuevas audiencias a trav\u00e9s de producciones de alto impacto art\u00edstico y visual. <\/span><\/p>\n<p><span style=\"color: #000000;\">Si te apasiona el cine, la m\u00fasica o las experiencias culturales memorables, Frozen es un concierto imperdible para toda la familia.<\/span><\/p>\n<p><img loading=\"lazy\" decoding=\"async\" class=\"alignnone size-full wp-image-11528\" src=\"https:\/\/noti-xpi.org\/wp-content\/uploads\/2026\/04\/fro.jpg\" alt=\"\" width=\"1080\" height=\"1080\" srcset=\"https:\/\/noti-xpi.org\/wp-content\/uploads\/2026\/04\/fro.jpg 1080w, https:\/\/noti-xpi.org\/wp-content\/uploads\/2026\/04\/fro-300x300.jpg 300w, https:\/\/noti-xpi.org\/wp-content\/uploads\/2026\/04\/fro-1024x1024.jpg 1024w, https:\/\/noti-xpi.org\/wp-content\/uploads\/2026\/04\/fro-150x150.jpg 150w, https:\/\/noti-xpi.org\/wp-content\/uploads\/2026\/04\/fro-768x768.jpg 768w\" sizes=\"auto, (max-width: 1080px) 100vw, 1080px\" \/><\/p>\n<h3 style=\"text-align: center;\"><em><span style=\"color: #993366;\"><strong>Galer\u00eda Rueda de Prensa Presentaci\u00f3n\u00a0<\/strong><\/span><\/em><\/h3>\n<p><img loading=\"lazy\" decoding=\"async\" class=\"alignnone size-full wp-image-11536\" src=\"https:\/\/noti-xpi.org\/wp-content\/uploads\/2026\/04\/WhatsApp-Image-2026-04-14-at-9.02.57-PM-1-e1776296224435.jpeg\" alt=\"\" width=\"1200\" height=\"1357\" srcset=\"https:\/\/noti-xpi.org\/wp-content\/uploads\/2026\/04\/WhatsApp-Image-2026-04-14-at-9.02.57-PM-1-e1776296224435.jpeg 1200w, https:\/\/noti-xpi.org\/wp-content\/uploads\/2026\/04\/WhatsApp-Image-2026-04-14-at-9.02.57-PM-1-e1776296224435-265x300.jpeg 265w, https:\/\/noti-xpi.org\/wp-content\/uploads\/2026\/04\/WhatsApp-Image-2026-04-14-at-9.02.57-PM-1-e1776296224435-906x1024.jpeg 906w, https:\/\/noti-xpi.org\/wp-content\/uploads\/2026\/04\/WhatsApp-Image-2026-04-14-at-9.02.57-PM-1-e1776296224435-768x868.jpeg 768w\" sizes=\"auto, (max-width: 1200px) 100vw, 1200px\" \/><\/p>\n<p><img loading=\"lazy\" decoding=\"async\" class=\"alignnone size-full wp-image-11530\" src=\"https:\/\/noti-xpi.org\/wp-content\/uploads\/2026\/04\/WhatsApp-Image-2026-04-14-at-8.26.30-PM.jpeg\" alt=\"\" width=\"1600\" height=\"803\" srcset=\"https:\/\/noti-xpi.org\/wp-content\/uploads\/2026\/04\/WhatsApp-Image-2026-04-14-at-8.26.30-PM.jpeg 1600w, https:\/\/noti-xpi.org\/wp-content\/uploads\/2026\/04\/WhatsApp-Image-2026-04-14-at-8.26.30-PM-300x151.jpeg 300w, https:\/\/noti-xpi.org\/wp-content\/uploads\/2026\/04\/WhatsApp-Image-2026-04-14-at-8.26.30-PM-1024x514.jpeg 1024w, https:\/\/noti-xpi.org\/wp-content\/uploads\/2026\/04\/WhatsApp-Image-2026-04-14-at-8.26.30-PM-768x385.jpeg 768w, https:\/\/noti-xpi.org\/wp-content\/uploads\/2026\/04\/WhatsApp-Image-2026-04-14-at-8.26.30-PM-1536x771.jpeg 1536w\" sizes=\"auto, (max-width: 1600px) 100vw, 1600px\" \/><\/p>\n<p><img loading=\"lazy\" decoding=\"async\" class=\"alignnone size-full wp-image-11532\" src=\"https:\/\/noti-xpi.org\/wp-content\/uploads\/2026\/04\/WhatsApp-Image-2026-04-14-at-8.28.48-PM-e1776296309139.jpeg\" alt=\"\" width=\"1600\" height=\"540\" srcset=\"https:\/\/noti-xpi.org\/wp-content\/uploads\/2026\/04\/WhatsApp-Image-2026-04-14-at-8.28.48-PM-e1776296309139.jpeg 1600w, https:\/\/noti-xpi.org\/wp-content\/uploads\/2026\/04\/WhatsApp-Image-2026-04-14-at-8.28.48-PM-e1776296309139-300x101.jpeg 300w, https:\/\/noti-xpi.org\/wp-content\/uploads\/2026\/04\/WhatsApp-Image-2026-04-14-at-8.28.48-PM-e1776296309139-1024x346.jpeg 1024w, https:\/\/noti-xpi.org\/wp-content\/uploads\/2026\/04\/WhatsApp-Image-2026-04-14-at-8.28.48-PM-e1776296309139-768x259.jpeg 768w, https:\/\/noti-xpi.org\/wp-content\/uploads\/2026\/04\/WhatsApp-Image-2026-04-14-at-8.28.48-PM-e1776296309139-1536x518.jpeg 1536w\" sizes=\"auto, (max-width: 1600px) 100vw, 1600px\" \/><\/p>\n<p><img loading=\"lazy\" decoding=\"async\" class=\"alignnone size-full wp-image-11534\" src=\"https:\/\/noti-xpi.org\/wp-content\/uploads\/2026\/04\/WhatsApp-Image-2026-04-14-at-9.02.55-PM.jpeg\" alt=\"\" width=\"1135\" height=\"695\" srcset=\"https:\/\/noti-xpi.org\/wp-content\/uploads\/2026\/04\/WhatsApp-Image-2026-04-14-at-9.02.55-PM.jpeg 1135w, https:\/\/noti-xpi.org\/wp-content\/uploads\/2026\/04\/WhatsApp-Image-2026-04-14-at-9.02.55-PM-300x184.jpeg 300w, https:\/\/noti-xpi.org\/wp-content\/uploads\/2026\/04\/WhatsApp-Image-2026-04-14-at-9.02.55-PM-1024x627.jpeg 1024w, https:\/\/noti-xpi.org\/wp-content\/uploads\/2026\/04\/WhatsApp-Image-2026-04-14-at-9.02.55-PM-768x470.jpeg 768w\" sizes=\"auto, (max-width: 1135px) 100vw, 1135px\" \/><\/p>\n","protected":false},"excerpt":{"rendered":"<p>Frozen con orquesta en vivo Auditorio Nacional La historia que conquist\u00f3 a millones regresa en una versi\u00f3n espectacular: proyecci\u00f3n \u00edntegra de\u00a0Frozen\u00a0en pantalla gigante, acompa\u00f1ada por la interpretaci\u00f3n en vivo de su banda sonora a cargo de Miner\u00eda Pops. Esta funci\u00f3n especial combina la experiencia cinematogr\u00e1fica con la fuerza de una orquesta sinf\u00f3nica en escena. Cada [&hellip;]<\/p>\n","protected":false},"author":1,"featured_media":0,"parent":0,"menu_order":0,"comment_status":"closed","ping_status":"closed","template":"","meta":{"footnotes":""},"class_list":["post-11527","page","type-page","status-publish","hentry"],"_links":{"self":[{"href":"https:\/\/noti-xpi.org\/index.php?rest_route=\/wp\/v2\/pages\/11527","targetHints":{"allow":["GET"]}}],"collection":[{"href":"https:\/\/noti-xpi.org\/index.php?rest_route=\/wp\/v2\/pages"}],"about":[{"href":"https:\/\/noti-xpi.org\/index.php?rest_route=\/wp\/v2\/types\/page"}],"author":[{"embeddable":true,"href":"https:\/\/noti-xpi.org\/index.php?rest_route=\/wp\/v2\/users\/1"}],"replies":[{"embeddable":true,"href":"https:\/\/noti-xpi.org\/index.php?rest_route=%2Fwp%2Fv2%2Fcomments&post=11527"}],"version-history":[{"count":3,"href":"https:\/\/noti-xpi.org\/index.php?rest_route=\/wp\/v2\/pages\/11527\/revisions"}],"predecessor-version":[{"id":11541,"href":"https:\/\/noti-xpi.org\/index.php?rest_route=\/wp\/v2\/pages\/11527\/revisions\/11541"}],"wp:attachment":[{"href":"https:\/\/noti-xpi.org\/index.php?rest_route=%2Fwp%2Fv2%2Fmedia&parent=11527"}],"curies":[{"name":"wp","href":"https:\/\/api.w.org\/{rel}","templated":true}]}}