{"id":11593,"date":"2026-04-16T18:36:15","date_gmt":"2026-04-16T18:36:15","guid":{"rendered":"https:\/\/noti-xpi.org\/?page_id=11593"},"modified":"2026-04-17T18:40:53","modified_gmt":"2026-04-17T18:40:53","slug":"jorge-falcon-en-la-maraka-este-10-de-mayo","status":"publish","type":"page","link":"https:\/\/noti-xpi.org\/?page_id=11593","title":{"rendered":"JORGE FALC\u00d3N EN LA MARAKA ESTE 10 DE MAYO"},"content":{"rendered":"<h1 style=\"font-weight: 400; text-align: center;\"><span style=\"color: #800000;\"><em><strong>JORGE FALC\u00d3N EN LA MARAKA ESTE 10 DE MAYO<\/strong><\/em><\/span><\/h1>\n<h4 style=\"font-weight: 400; text-align: left;\"><span style=\"color: #000000;\"><em><strong>El maestro del humor Jo Jo Jorge Falc\u00f3n llega a La Maraka este 10 de mayo<\/strong><\/em><\/span><\/h4>\n<p style=\"font-weight: 400;\"><span style=\"color: #000000;\">Que la risa sea el mejor regalo este 10 de mayo en el Centro de Espect\u00e1culos la Maraka con el mejor comediante, el m\u00e1s querido de M\u00e9xico, Jo Jo Jorge Falcon, llega al escenario en una noche llena de humor.<\/span><\/p>\n<p style=\"font-weight: 400;\"><span style=\"color: #000000;\">Reconocido por su estilo \u00fanico, Jo Jo Jorge Falc\u00f3n ha construido una trayectoria s\u00f3lida dentro del entretenimiento en M\u00e9xico, convirti\u00e9ndose en un referente del humor para distintas generaciones. Su espect\u00e1culo promete carcajadas de principio a fin, con rutinas cl\u00e1sicas y nuevas sorpresas especialmente preparadas para esta fecha tan especial.<\/span><\/p>\n<p style=\"font-weight: 400;\"><span style=\"color: #000000;\">Este show es la opci\u00f3n perfecta para celebrar el\u00a0<strong>D\u00eda de las Madres<\/strong>, adem\u00e1s hemos sumado m\u00fasica en vivo y DJ para hacer que ese momento sea inolvidable para las mamitas.<\/span><\/p>\n<p style=\"font-weight: 400;\"><span style=\"color: #000000;\">La Maraka, ubicada en Eugenia y Mitla col. Narvarte Poniente BJ.<\/span><\/p>\n<p><img loading=\"lazy\" decoding=\"async\" class=\"alignnone size-full wp-image-11578\" src=\"https:\/\/noti-xpi.org\/wp-content\/uploads\/2026\/04\/1001-scaled-e1776448740112.jpg\" alt=\"\" width=\"2560\" height=\"1532\" srcset=\"https:\/\/noti-xpi.org\/wp-content\/uploads\/2026\/04\/1001-scaled-e1776448740112.jpg 2560w, https:\/\/noti-xpi.org\/wp-content\/uploads\/2026\/04\/1001-scaled-e1776448740112-300x180.jpg 300w, https:\/\/noti-xpi.org\/wp-content\/uploads\/2026\/04\/1001-scaled-e1776448740112-1024x613.jpg 1024w, https:\/\/noti-xpi.org\/wp-content\/uploads\/2026\/04\/1001-scaled-e1776448740112-768x460.jpg 768w, https:\/\/noti-xpi.org\/wp-content\/uploads\/2026\/04\/1001-scaled-e1776448740112-1536x919.jpg 1536w, https:\/\/noti-xpi.org\/wp-content\/uploads\/2026\/04\/1001-scaled-e1776448740112-2048x1226.jpg 2048w\" sizes=\"auto, (max-width: 2560px) 100vw, 2560px\" \/><\/p>\n<ul>\n<li style=\"font-weight: 400;\"><span style=\"color: #000000;\"><strong>Artista:<\/strong>Jo Jo Jorge Falc\u00f3n<\/span><\/li>\n<li style=\"font-weight: 400;\"><span style=\"color: #000000;\"><strong>Fecha:<\/strong>10 de mayo de 2026<\/span><\/li>\n<li style=\"font-weight: 400;\"><span style=\"color: #000000;\"><strong>Lugar:<\/strong>La Maraka<\/span><\/li>\n<li style=\"font-weight: 400;\"><span style=\"color: #000000;\"><strong>Hora:<\/strong>21:00 hrs<\/span><\/li>\n<\/ul>\n<p style=\"font-weight: 400;\"><span style=\"color: #000000;\">No te pierdas la oportunidad de vivir una noche llena de risas con uno de los grandes del entretenimiento en M\u00e9xico.<\/span><\/p>\n<p><img loading=\"lazy\" decoding=\"async\" class=\"alignnone size-full wp-image-11594\" src=\"https:\/\/noti-xpi.org\/wp-content\/uploads\/2026\/04\/jojo.jpg\" alt=\"\" width=\"1080\" height=\"1077\" srcset=\"https:\/\/noti-xpi.org\/wp-content\/uploads\/2026\/04\/jojo.jpg 1080w, https:\/\/noti-xpi.org\/wp-content\/uploads\/2026\/04\/jojo-300x300.jpg 300w, https:\/\/noti-xpi.org\/wp-content\/uploads\/2026\/04\/jojo-1024x1021.jpg 1024w, https:\/\/noti-xpi.org\/wp-content\/uploads\/2026\/04\/jojo-150x150.jpg 150w, https:\/\/noti-xpi.org\/wp-content\/uploads\/2026\/04\/jojo-768x766.jpg 768w\" sizes=\"auto, (max-width: 1080px) 100vw, 1080px\" \/><\/p>\n","protected":false},"excerpt":{"rendered":"<p>JORGE FALC\u00d3N EN LA MARAKA ESTE 10 DE MAYO El maestro del humor Jo Jo Jorge Falc\u00f3n llega a La Maraka este 10 de mayo Que la risa sea el mejor regalo este 10 de mayo en el Centro de Espect\u00e1culos la Maraka con el mejor comediante, el m\u00e1s querido de M\u00e9xico, Jo Jo Jorge [&hellip;]<\/p>\n","protected":false},"author":1,"featured_media":0,"parent":0,"menu_order":0,"comment_status":"closed","ping_status":"closed","template":"","meta":{"footnotes":""},"class_list":["post-11593","page","type-page","status-publish","hentry"],"_links":{"self":[{"href":"https:\/\/noti-xpi.org\/index.php?rest_route=\/wp\/v2\/pages\/11593","targetHints":{"allow":["GET"]}}],"collection":[{"href":"https:\/\/noti-xpi.org\/index.php?rest_route=\/wp\/v2\/pages"}],"about":[{"href":"https:\/\/noti-xpi.org\/index.php?rest_route=\/wp\/v2\/types\/page"}],"author":[{"embeddable":true,"href":"https:\/\/noti-xpi.org\/index.php?rest_route=\/wp\/v2\/users\/1"}],"replies":[{"embeddable":true,"href":"https:\/\/noti-xpi.org\/index.php?rest_route=%2Fwp%2Fv2%2Fcomments&post=11593"}],"version-history":[{"count":1,"href":"https:\/\/noti-xpi.org\/index.php?rest_route=\/wp\/v2\/pages\/11593\/revisions"}],"predecessor-version":[{"id":11595,"href":"https:\/\/noti-xpi.org\/index.php?rest_route=\/wp\/v2\/pages\/11593\/revisions\/11595"}],"wp:attachment":[{"href":"https:\/\/noti-xpi.org\/index.php?rest_route=%2Fwp%2Fv2%2Fmedia&parent=11593"}],"curies":[{"name":"wp","href":"https:\/\/api.w.org\/{rel}","templated":true}]}}