{"id":11700,"date":"2026-04-26T19:51:54","date_gmt":"2026-04-26T19:51:54","guid":{"rendered":"https:\/\/noti-xpi.org\/?page_id=11700"},"modified":"2026-04-27T19:54:53","modified_gmt":"2026-04-27T19:54:53","slug":"international-chamber-of-commerce-mexico-icc-mexico","status":"publish","type":"page","link":"https:\/\/noti-xpi.org\/?page_id=11700","title":{"rendered":"International Chamber of Commerce M\u00e9xico (ICC M\u00e9xico)\u00a0"},"content":{"rendered":"<h3 style=\"text-align: center;\"><span style=\"color: #003366;\"><em><strong>International Chamber of Commerce M\u00e9xico (ICC M\u00e9xico)\u00a0<\/strong><\/em><\/span><\/h3>\n<p><span style=\"color: #000000;\">En el marco del D\u00eda Mundial de la Propiedad Intelectual 2026, la International Chamber of Commerce M\u00e9xico (ICC M\u00e9xico) subraya que en el pr\u00f3ximo Campeonato Mundial de Futbol 2026 \u2014que tendr\u00e1 como sede a M\u00e9xico, Estados Unidos y Canad\u00e1\u2014 coloca a la propiedad intelectual como un elemento estrat\u00e9gico para el desarrollo econ\u00f3mico, la innovaci\u00f3n y la competitividad en uno de los eventos de mayor alcance global.<\/span><\/p>\n<p><span style=\"color: #000000;\">Bajo el lema de este a\u00f1o definido por la Organizaci\u00f3n Mundial de la Propiedad Intelectual, \u201cLa propiedad intelectual y el deporte: preparados, listos, \u00a1a innovar!\u201d, ICC M\u00e9xico enfatiza que el deporte moderno no puede entenderse sin un sistema s\u00f3lido de protecci\u00f3n de activos intangibles, que abarca desde marcas, patentes y dise\u00f1os industriales, hasta derechos de autor y de transmisi\u00f3n.<\/span><\/p>\n<p><span style=\"color: #000000;\">El mes de abril concentra tres fechas clave que reflejan la relevancia de estos temas: el D\u00eda Mundial de la Creatividad y la Innovaci\u00f3n (21 de abril), el D\u00eda Mundial del Libro y del Derecho de Autor (23 de abril) y el D\u00eda Mundial de la Propiedad Intelectual (26 de abril), todas ellas vinculadas con el impulso al conocimiento, la creatividad y el desarrollo sostenible.<\/span><\/p>\n<p><span style=\"color: #000000;\">En el marco de estas fechas, incluso el Instituto Mexicano de la Propiedad Intelectual (IMPI) otorg\u00f3 la declaratoria de marca famosa a \u201cFIFA\u201d y al \u201cTrofeo de la Copa Mundial de la FIFA\u201d, reconociendo su prestigio y posicionamiento global.<\/span><\/p>\n<p><span style=\"color: #000000;\">ICC M\u00e9xico destaca que la propiedad intelectual es un habilitador del deporte contempor\u00e1neo, al permitir la inversi\u00f3n en tecnolog\u00eda, el desarrollo de equipamiento especializado, la explotaci\u00f3n de contenidos audiovisuales y la construcci\u00f3n de marcas globales que conectan con millones de aficionados, cuyos productos van desde un bal\u00f3n de f\u00fatbol hasta los derechos de transmisi\u00f3n internacional, y est\u00e1 presente en toda la cadena de valor del ecosistema deportivo.<\/span><\/p>\n<p><span style=\"color: #000000;\">Asimismo, su correcta aplicaci\u00f3n fortalece la integridad del deporte al combatir fen\u00f3menos como la falsificaci\u00f3n de productos y el uso indebido de marcas, generando certeza jur\u00eddica para patrocinadores, organizadores y participantes.<\/span><\/p>\n<p><span style=\"color: #000000;\">En este contexto, resulta relevante la reciente reforma a la Ley Federal de Protecci\u00f3n a la Propiedad Industrial, publicada el pasado 3 de abril, que incorpora disposiciones espec\u00edficas para regular pr\u00e1cticas como el ambush marketing, con el objetivo de proteger a los patrocinadores oficiales de eventos masivos y evitar asociaciones indebidas.<\/span><\/p>\n<p><span style=\"color: #000000;\">De cara al Mundial 2026, ICC M\u00e9xico considera que la adecuada protecci\u00f3n de la propiedad intelectual ser\u00e1 fundamental para atraer inversi\u00f3n, detonar cadenas de valor en sectores como turismo, entretenimiento, tecnolog\u00eda y consumo, as\u00ed como para garantizar condiciones de competencia equitativas.<\/span><\/p>\n<p><span style=\"color: #000000;\">Finalmente, ICC M\u00e9xico hace un llamado a fortalecer una cultura de respeto y cumplimiento en materia de propiedad intelectual, reconociendo que su protecci\u00f3n no es solo un asunto legal, sino un factor determinante para impulsar la innovaci\u00f3n, el desarrollo econ\u00f3mico y el posicionamiento de M\u00e9xico en la econom\u00eda global.<\/span><\/p>\n<p><span style=\"color: #000000;\">La convergencia entre deporte y propiedad intelectual representa una oportunidad \u00fanica para el pa\u00eds y aprovecharla plenamente depender\u00e1 de la capacidad de todos los actores para proteger, valorar y potenciar los activos intangibles que hoy impulsan el crecimiento.<\/span><\/p>\n<p><img loading=\"lazy\" decoding=\"async\" class=\"alignnone size-full wp-image-11701\" src=\"https:\/\/noti-xpi.org\/wp-content\/uploads\/2026\/04\/ICC-80-Anos.jpg\" alt=\"\" width=\"633\" height=\"443\" srcset=\"https:\/\/noti-xpi.org\/wp-content\/uploads\/2026\/04\/ICC-80-Anos.jpg 633w, https:\/\/noti-xpi.org\/wp-content\/uploads\/2026\/04\/ICC-80-Anos-300x210.jpg 300w\" sizes=\"auto, (max-width: 633px) 100vw, 633px\" \/><\/p>\n","protected":false},"excerpt":{"rendered":"<p>International Chamber of Commerce M\u00e9xico (ICC M\u00e9xico)\u00a0 En el marco del D\u00eda Mundial de la Propiedad Intelectual 2026, la International Chamber of Commerce M\u00e9xico (ICC M\u00e9xico) subraya que en el pr\u00f3ximo Campeonato Mundial de Futbol 2026 \u2014que tendr\u00e1 como sede a M\u00e9xico, Estados Unidos y Canad\u00e1\u2014 coloca a la propiedad intelectual como un elemento estrat\u00e9gico [&hellip;]<\/p>\n","protected":false},"author":1,"featured_media":0,"parent":0,"menu_order":0,"comment_status":"closed","ping_status":"closed","template":"","meta":{"footnotes":""},"class_list":["post-11700","page","type-page","status-publish","hentry"],"_links":{"self":[{"href":"https:\/\/noti-xpi.org\/index.php?rest_route=\/wp\/v2\/pages\/11700","targetHints":{"allow":["GET"]}}],"collection":[{"href":"https:\/\/noti-xpi.org\/index.php?rest_route=\/wp\/v2\/pages"}],"about":[{"href":"https:\/\/noti-xpi.org\/index.php?rest_route=\/wp\/v2\/types\/page"}],"author":[{"embeddable":true,"href":"https:\/\/noti-xpi.org\/index.php?rest_route=\/wp\/v2\/users\/1"}],"replies":[{"embeddable":true,"href":"https:\/\/noti-xpi.org\/index.php?rest_route=%2Fwp%2Fv2%2Fcomments&post=11700"}],"version-history":[{"count":1,"href":"https:\/\/noti-xpi.org\/index.php?rest_route=\/wp\/v2\/pages\/11700\/revisions"}],"predecessor-version":[{"id":11702,"href":"https:\/\/noti-xpi.org\/index.php?rest_route=\/wp\/v2\/pages\/11700\/revisions\/11702"}],"wp:attachment":[{"href":"https:\/\/noti-xpi.org\/index.php?rest_route=%2Fwp%2Fv2%2Fmedia&parent=11700"}],"curies":[{"name":"wp","href":"https:\/\/api.w.org\/{rel}","templated":true}]}}