{"id":11724,"date":"2026-05-01T18:36:35","date_gmt":"2026-05-01T18:36:35","guid":{"rendered":"https:\/\/noti-xpi.org\/?page_id=11724"},"modified":"2026-05-02T18:46:37","modified_gmt":"2026-05-02T18:46:37","slug":"jedicon","status":"publish","type":"page","link":"https:\/\/noti-xpi.org\/?page_id=11724","title":{"rendered":"Jedicon"},"content":{"rendered":"<div class=\"MuiBox-root css-8atqhb\">\n<div class=\"MuiStack-root css-u4p24i\">\n<h1 class=\"MuiTypography-root MuiTypography-h5 css-rpdf6s\" style=\"text-align: center;\"><span style=\"color: #003366;\"><em><strong>Jedicon<\/strong><\/em><\/span><\/h1>\n<p><img loading=\"lazy\" decoding=\"async\" class=\"alignnone size-full wp-image-11726\" src=\"https:\/\/noti-xpi.org\/wp-content\/uploads\/2026\/05\/jeri.jpg\" alt=\"\" width=\"1525\" height=\"560\" srcset=\"https:\/\/noti-xpi.org\/wp-content\/uploads\/2026\/05\/jeri.jpg 1525w, https:\/\/noti-xpi.org\/wp-content\/uploads\/2026\/05\/jeri-300x110.jpg 300w, https:\/\/noti-xpi.org\/wp-content\/uploads\/2026\/05\/jeri-1024x376.jpg 1024w, https:\/\/noti-xpi.org\/wp-content\/uploads\/2026\/05\/jeri-768x282.jpg 768w\" sizes=\"auto, (max-width: 1525px) 100vw, 1525px\" \/><\/p>\n<div class=\"MuiBox-root css-1rr4qq7\" style=\"text-align: center;\"><strong><span style=\"color: #000000;\">s\u00e1bado, 2 de mayo de 12:00 p.m. al 03 may, 09:00 p.m.<\/span><\/strong><\/div>\n<\/div>\n<\/div>\n<div class=\"MuiBox-root css-8atqhb\">\n<div class=\"MuiStack-root css-l5c1s3\">\n<div class=\"MuiStack-root css-7q87xk\">\n<p class=\"MuiTypography-root MuiTypography-body1 css-zv5jz9\" style=\"text-align: center;\"><strong><span style=\"color: #000000;\">Banamex Center, Ciudad de M\u00e9xico, Ciudad de M\u00e9xico<\/span><\/strong><\/p>\n<\/div>\n<\/div>\n<\/div>\n<p><span style=\"color: #000000;\">Celebra el dia de Star Wars a lo grande! Jedicon la expo especializada mas grande de latinoam\u00e9rica regresa este 2026 con invitados especiales de Rogue One, Mandalorian y la Trilog\u00eda Cl\u00e1sica. Conoce a Spencer Wilding quien interpreto a Darth Vader en Rogue One y a Emily Swallows La Armera en Mandalorian. Vive dos d\u00edas llenos de actividades, conferencias y experiencias \u00fanicas en una galaxia muy muy lejana . Conoce al talento detr\u00e1s de c\u00e1maras y tomate la foto con tus actores favoritos de la saga, no te lo pierdas este 2 y 3 de Mayo en Centro Banamex.<\/span><\/p>\n<p>&nbsp;<\/p>\n","protected":false},"excerpt":{"rendered":"<p>Jedicon s\u00e1bado, 2 de mayo de 12:00 p.m. al 03 may, 09:00 p.m. Banamex Center, Ciudad de M\u00e9xico, Ciudad de M\u00e9xico Celebra el dia de Star Wars a lo grande! Jedicon la expo especializada mas grande de latinoam\u00e9rica regresa este 2026 con invitados especiales de Rogue One, Mandalorian y la Trilog\u00eda Cl\u00e1sica. Conoce a Spencer [&hellip;]<\/p>\n","protected":false},"author":1,"featured_media":0,"parent":0,"menu_order":0,"comment_status":"closed","ping_status":"closed","template":"","meta":{"footnotes":""},"class_list":["post-11724","page","type-page","status-publish","hentry"],"_links":{"self":[{"href":"https:\/\/noti-xpi.org\/index.php?rest_route=\/wp\/v2\/pages\/11724","targetHints":{"allow":["GET"]}}],"collection":[{"href":"https:\/\/noti-xpi.org\/index.php?rest_route=\/wp\/v2\/pages"}],"about":[{"href":"https:\/\/noti-xpi.org\/index.php?rest_route=\/wp\/v2\/types\/page"}],"author":[{"embeddable":true,"href":"https:\/\/noti-xpi.org\/index.php?rest_route=\/wp\/v2\/users\/1"}],"replies":[{"embeddable":true,"href":"https:\/\/noti-xpi.org\/index.php?rest_route=%2Fwp%2Fv2%2Fcomments&post=11724"}],"version-history":[{"count":3,"href":"https:\/\/noti-xpi.org\/index.php?rest_route=\/wp\/v2\/pages\/11724\/revisions"}],"predecessor-version":[{"id":11728,"href":"https:\/\/noti-xpi.org\/index.php?rest_route=\/wp\/v2\/pages\/11724\/revisions\/11728"}],"wp:attachment":[{"href":"https:\/\/noti-xpi.org\/index.php?rest_route=%2Fwp%2Fv2%2Fmedia&parent=11724"}],"curies":[{"name":"wp","href":"https:\/\/api.w.org\/{rel}","templated":true}]}}